{"id":2,"date":"2024-05-24T00:57:41","date_gmt":"2024-05-23T22:57:41","guid":{"rendered":"http:\/\/nmsstpoelten-viehofen.ac.at\/?page_id=2"},"modified":"2024-08-08T22:39:27","modified_gmt":"2024-08-08T20:39:27","slug":"beispiel-seite","status":"publish","type":"page","link":"https:\/\/nmsstpoelten-viehofen.ac.at\/?page_id=2","title":{"rendered":"\u00dcber uns"},"content":{"rendered":"\n<div class=\"wp-block-columns is-layout-flex wp-container-core-columns-is-layout-9d6595d7 wp-block-columns-is-layout-flex\">\n<div class=\"wp-block-column is-layout-flow wp-block-column-is-layout-flow\"><div class=\"wp-block-image\">\n<figure class=\"aligncenter size-large is-resized\"><a href=\"https:\/\/youtu.be\/5a_zbO6K0kU\" target=\"_blank\" rel=\"https:\/\/youtu.be\/5a_zbO6K0kU noopener\"><img loading=\"lazy\" decoding=\"async\" width=\"670\" height=\"1024\" src=\"https:\/\/nmsstpoelten-viehofen.ac.at\/wp-content\/uploads\/2024\/08\/logo_indianer-670x1024.jpg\" alt=\"\" class=\"wp-image-393\" style=\"width:160px;height:auto\" srcset=\"https:\/\/nmsstpoelten-viehofen.ac.at\/wp-content\/uploads\/2024\/08\/logo_indianer-670x1024.jpg 670w, https:\/\/nmsstpoelten-viehofen.ac.at\/wp-content\/uploads\/2024\/08\/logo_indianer-196x300.jpg 196w, https:\/\/nmsstpoelten-viehofen.ac.at\/wp-content\/uploads\/2024\/08\/logo_indianer-768x1175.jpg 768w, https:\/\/nmsstpoelten-viehofen.ac.at\/wp-content\/uploads\/2024\/08\/logo_indianer-1004x1536.jpg 1004w, https:\/\/nmsstpoelten-viehofen.ac.at\/wp-content\/uploads\/2024\/08\/logo_indianer-1339x2048.jpg 1339w, https:\/\/nmsstpoelten-viehofen.ac.at\/wp-content\/uploads\/2024\/08\/logo_indianer-scaled.jpg 1674w\" sizes=\"auto, (max-width: 670px) 100vw, 670px\" \/><\/a><\/figure>\n<\/div><\/div>\n\n\n\n<div class=\"wp-block-column is-layout-flow wp-block-column-is-layout-flow\"><div class=\"wp-block-image\">\n<figure class=\"alignleft size-large\"><a href=\"https:\/\/youtu.be\/5a_zbO6K0kU\" target=\"_blank\" rel=\"https:\/\/youtu.be\/5a_zbO6K0kU noopener\"><img loading=\"lazy\" decoding=\"async\" width=\"640\" height=\"370\" src=\"https:\/\/nmsstpoelten-viehofen.ac.at\/wp-content\/uploads\/2024\/08\/thumbnail_Neueste-Fotos-anzeigen.jpg\" alt=\"\" class=\"wp-image-392\" srcset=\"https:\/\/nmsstpoelten-viehofen.ac.at\/wp-content\/uploads\/2024\/08\/thumbnail_Neueste-Fotos-anzeigen.jpg 640w, https:\/\/nmsstpoelten-viehofen.ac.at\/wp-content\/uploads\/2024\/08\/thumbnail_Neueste-Fotos-anzeigen-300x173.jpg 300w\" sizes=\"auto, (max-width: 640px) 100vw, 640px\" \/><\/a><\/figure>\n<\/div><\/div>\n<\/div>\n\n\n\n<p><strong>Die Geschichte von Burning Toe<\/strong> <strong>&#8211; im Gespr\u00e4ch mit Ingrid Weinzierl<\/strong><\/p>\n\n\n\n<p>Der Indianer <em>Burning Toe<\/em> mit dem Hund <em>Curtain <\/em>zieren die Fassade des Schulgeb\u00e4udes und finden sich ebenso im Logo der MS St.P\u00f6lten-Viehofen wieder. Nat\u00fcrlich stellt sich die Frage, wie es dazu kommt, dass ein Indianer und ein Hund zum Logo einer nieder\u00f6sterreichischen Schule werden. Diese Frage beantworten wir gerne!<\/p>\n\n\n\n<p>Die Geschichte von <em>Burning Toe<\/em> geht viele Jahre auf die ehemalige Lehrerin Ingrid Weinzierl zur\u00fcck, die das Kinderbuch in den Jahren 1999-2000 verfasste. In der Geschichte macht sich der kleine Indianer <em>Burning Toe<\/em> auf, die weite Welt zu entdecken und landet schlie\u00dflich in \u00d6sterreich, wo er mit den anderen Kindern und dem Hund <em>Curtain <\/em>viele Abenteuer bestreitet. In Zusammenarbeit mit dem K\u00fcnstler Hubert Schorn entstanden&nbsp; viele verschiedene Zeichnungen des Indianers mit seinem Hund, unter anderem auch das sp\u00e4tere und heutige Schullogo.<\/p>\n\n\n\n<p>F\u00fcr das Interview mit der Sch\u00f6pferin Ingrid Weinzierl <a href=\"https:\/\/youtu.be\/5a_zbO6K0kU\" data-type=\"link\" data-id=\"https:\/\/youtu.be\/5a_zbO6K0kU\">hier<\/a> oder auf das Bild klicken!<\/p>\n","protected":false},"excerpt":{"rendered":"<p>Die Geschichte von Burning Toe &#8211; im Gespr\u00e4ch mit Ingrid Weinzierl Der Indianer Burning Toe mit dem Hund Curtain zieren die Fassade des Schulgeb\u00e4udes und finden sich ebenso im Logo der MS St.P\u00f6lten-Viehofen wieder. Nat\u00fcrlich stellt sich die Frage, wie es dazu kommt, dass ein Indianer und ein Hund zum Logo einer nieder\u00f6sterreichischen Schule werden.&hellip;<\/p>\n<p class=\"more-link\"><a href=\"https:\/\/nmsstpoelten-viehofen.ac.at\/?page_id=2\" class=\"themebutton2\">Read More<\/a><\/p>\n","protected":false},"author":1,"featured_media":0,"parent":0,"menu_order":0,"comment_status":"closed","ping_status":"open","template":"","meta":{"footnotes":""},"class_list":["post-2","page","type-page","status-publish","hentry"],"_links":{"self":[{"href":"https:\/\/nmsstpoelten-viehofen.ac.at\/index.php?rest_route=\/wp\/v2\/pages\/2","targetHints":{"allow":["GET"]}}],"collection":[{"href":"https:\/\/nmsstpoelten-viehofen.ac.at\/index.php?rest_route=\/wp\/v2\/pages"}],"about":[{"href":"https:\/\/nmsstpoelten-viehofen.ac.at\/index.php?rest_route=\/wp\/v2\/types\/page"}],"author":[{"embeddable":true,"href":"https:\/\/nmsstpoelten-viehofen.ac.at\/index.php?rest_route=\/wp\/v2\/users\/1"}],"replies":[{"embeddable":true,"href":"https:\/\/nmsstpoelten-viehofen.ac.at\/index.php?rest_route=%2Fwp%2Fv2%2Fcomments&post=2"}],"version-history":[{"count":10,"href":"https:\/\/nmsstpoelten-viehofen.ac.at\/index.php?rest_route=\/wp\/v2\/pages\/2\/revisions"}],"predecessor-version":[{"id":403,"href":"https:\/\/nmsstpoelten-viehofen.ac.at\/index.php?rest_route=\/wp\/v2\/pages\/2\/revisions\/403"}],"wp:attachment":[{"href":"https:\/\/nmsstpoelten-viehofen.ac.at\/index.php?rest_route=%2Fwp%2Fv2%2Fmedia&parent=2"}],"curies":[{"name":"wp","href":"https:\/\/api.w.org\/{rel}","templated":true}]}}