{"id":49,"date":"2024-06-12T20:50:56","date_gmt":"2024-06-12T18:50:56","guid":{"rendered":"https:\/\/nmsstpoelten-viehofen.ac.at\/?page_id=49"},"modified":"2024-06-13T19:09:27","modified_gmt":"2024-06-13T17:09:27","slug":"impressum","status":"publish","type":"page","link":"https:\/\/nmsstpoelten-viehofen.ac.at\/?page_id=49","title":{"rendered":"Impressum"},"content":{"rendered":"\n<p>Verantwortlich f\u00fcr den Inhalt ist die Aktiv&amp;Kreativ Mittelschule St. P\u00f6lten-Viehofen.<br><strong><br><\/strong>Auf die Gestaltung und den Inhalt aller Links dieser Homepage haben wir keinerlei Einfluss. Daher \u00fcbernehmen wir keinerlei Verantwortung oder Verpflichtung, wenn Sie diese Links anw\u00e4hlen und deren Angebote verwenden.<\/p>\n\n\n\n<p>Die Bekanntgabe von E-Mail-Adressen auf dieser Website&nbsp;schlie\u00dft nicht die Zustimmung ein, unaufgefordert&nbsp;E-Mails im Sinne des \u00a7 101, TKG (Telekommunikationsgesetz) zu erhalten.<\/p>\n","protected":false},"excerpt":{"rendered":"<p>Verantwortlich f\u00fcr den Inhalt ist die Aktiv&amp;Kreativ Mittelschule St. P\u00f6lten-Viehofen.Auf die Gestaltung und den Inhalt aller Links dieser Homepage haben wir keinerlei Einfluss. Daher \u00fcbernehmen wir keinerlei Verantwortung oder Verpflichtung, wenn Sie diese Links anw\u00e4hlen und deren Angebote verwenden. Die Bekanntgabe von E-Mail-Adressen auf dieser Website&nbsp;schlie\u00dft nicht die Zustimmung ein, unaufgefordert&nbsp;E-Mails im Sinne des \u00a7&hellip;<\/p>\n<p class=\"more-link\"><a href=\"https:\/\/nmsstpoelten-viehofen.ac.at\/?page_id=49\" class=\"themebutton2\">Read More<\/a><\/p>\n","protected":false},"author":1,"featured_media":0,"parent":0,"menu_order":0,"comment_status":"closed","ping_status":"closed","template":"","meta":{"footnotes":""},"class_list":["post-49","page","type-page","status-publish","hentry"],"_links":{"self":[{"href":"https:\/\/nmsstpoelten-viehofen.ac.at\/index.php?rest_route=\/wp\/v2\/pages\/49","targetHints":{"allow":["GET"]}}],"collection":[{"href":"https:\/\/nmsstpoelten-viehofen.ac.at\/index.php?rest_route=\/wp\/v2\/pages"}],"about":[{"href":"https:\/\/nmsstpoelten-viehofen.ac.at\/index.php?rest_route=\/wp\/v2\/types\/page"}],"author":[{"embeddable":true,"href":"https:\/\/nmsstpoelten-viehofen.ac.at\/index.php?rest_route=\/wp\/v2\/users\/1"}],"replies":[{"embeddable":true,"href":"https:\/\/nmsstpoelten-viehofen.ac.at\/index.php?rest_route=%2Fwp%2Fv2%2Fcomments&post=49"}],"version-history":[{"count":2,"href":"https:\/\/nmsstpoelten-viehofen.ac.at\/index.php?rest_route=\/wp\/v2\/pages\/49\/revisions"}],"predecessor-version":[{"id":154,"href":"https:\/\/nmsstpoelten-viehofen.ac.at\/index.php?rest_route=\/wp\/v2\/pages\/49\/revisions\/154"}],"wp:attachment":[{"href":"https:\/\/nmsstpoelten-viehofen.ac.at\/index.php?rest_route=%2Fwp%2Fv2%2Fmedia&parent=49"}],"curies":[{"name":"wp","href":"https:\/\/api.w.org\/{rel}","templated":true}]}}