{"id":73,"date":"2024-06-12T21:23:49","date_gmt":"2024-06-12T19:23:49","guid":{"rendered":"https:\/\/nmsstpoelten-viehofen.ac.at\/?page_id=73"},"modified":"2024-06-19T21:37:53","modified_gmt":"2024-06-19T19:37:53","slug":"fussball","status":"publish","type":"page","link":"https:\/\/nmsstpoelten-viehofen.ac.at\/?page_id=73","title":{"rendered":"Fu\u00dfball"},"content":{"rendered":"<div class=\"wp-block-image\">\n<figure class=\"aligncenter size-large is-resized\"><img loading=\"lazy\" decoding=\"async\" width=\"1024\" height=\"714\" src=\"https:\/\/nmsstpoelten-viehofen.ac.at\/wp-content\/uploads\/2024\/06\/Fussball-Halle-1-1024x714.jpg\" alt=\"\" class=\"wp-image-183\" style=\"width:287px;height:auto\" srcset=\"https:\/\/nmsstpoelten-viehofen.ac.at\/wp-content\/uploads\/2024\/06\/Fussball-Halle-1-1024x714.jpg 1024w, https:\/\/nmsstpoelten-viehofen.ac.at\/wp-content\/uploads\/2024\/06\/Fussball-Halle-1-300x209.jpg 300w, https:\/\/nmsstpoelten-viehofen.ac.at\/wp-content\/uploads\/2024\/06\/Fussball-Halle-1-768x535.jpg 768w, https:\/\/nmsstpoelten-viehofen.ac.at\/wp-content\/uploads\/2024\/06\/Fussball-Halle-1.jpg 1056w\" sizes=\"auto, (max-width: 1024px) 100vw, 1024px\" \/><\/figure>\n<\/div>\n\n\n<p><\/p>\n\n\n\n<p>Bei der ,,Unverbindlichen \u00dcbung Fu\u00dfball\u2018\u2018 ist die Teilnahme auf freiwilliger Basis m\u00f6glich. Ob w\u00e4hrend der kalten Jahreszeit in der Halle oder bei Sch\u00f6nwetter am Sportplatz unserer Schule, f\u00fcr Spa\u00df und sportliche Bet\u00e4tigung ist immer gesorgt. Turniere, Elfmeterk\u00f6nig oder Matches sorgen f\u00fcr die n\u00f6tige Spannung.<\/p>\n\n\n\n<p>Das unumstrittene Highlight ist unser j\u00e4hrliches Trainingslager in der Sportschule Lindabrunn \u2013 dort wird von Montag bis Freitag t\u00e4glich an der Technik und der Spielf\u00e4higkeit gefeilt. Auch die t\u00e4gliche Lernstunde und gemeinsame Champions League- Abende kommen nicht zu kurz.<\/p>\n\n\n\n<p>Einfach zu Beginn des Schuljahres anmelden und Spa\u00df haben \ud83d\ude0a<\/p>\n","protected":false},"excerpt":{"rendered":"<p>Bei der ,,Unverbindlichen \u00dcbung Fu\u00dfball\u2018\u2018 ist die Teilnahme auf freiwilliger Basis m\u00f6glich. Ob w\u00e4hrend der kalten Jahreszeit in der Halle oder bei Sch\u00f6nwetter am Sportplatz unserer Schule, f\u00fcr Spa\u00df und sportliche Bet\u00e4tigung ist immer gesorgt. Turniere, Elfmeterk\u00f6nig oder Matches sorgen f\u00fcr die n\u00f6tige Spannung. Das unumstrittene Highlight ist unser j\u00e4hrliches Trainingslager in der Sportschule Lindabrunn&hellip;<\/p>\n<p class=\"more-link\"><a href=\"https:\/\/nmsstpoelten-viehofen.ac.at\/?page_id=73\" class=\"themebutton2\">Read More<\/a><\/p>\n","protected":false},"author":1,"featured_media":0,"parent":0,"menu_order":0,"comment_status":"closed","ping_status":"closed","template":"","meta":{"footnotes":""},"class_list":["post-73","page","type-page","status-publish","hentry"],"_links":{"self":[{"href":"https:\/\/nmsstpoelten-viehofen.ac.at\/index.php?rest_route=\/wp\/v2\/pages\/73","targetHints":{"allow":["GET"]}}],"collection":[{"href":"https:\/\/nmsstpoelten-viehofen.ac.at\/index.php?rest_route=\/wp\/v2\/pages"}],"about":[{"href":"https:\/\/nmsstpoelten-viehofen.ac.at\/index.php?rest_route=\/wp\/v2\/types\/page"}],"author":[{"embeddable":true,"href":"https:\/\/nmsstpoelten-viehofen.ac.at\/index.php?rest_route=\/wp\/v2\/users\/1"}],"replies":[{"embeddable":true,"href":"https:\/\/nmsstpoelten-viehofen.ac.at\/index.php?rest_route=%2Fwp%2Fv2%2Fcomments&post=73"}],"version-history":[{"count":4,"href":"https:\/\/nmsstpoelten-viehofen.ac.at\/index.php?rest_route=\/wp\/v2\/pages\/73\/revisions"}],"predecessor-version":[{"id":258,"href":"https:\/\/nmsstpoelten-viehofen.ac.at\/index.php?rest_route=\/wp\/v2\/pages\/73\/revisions\/258"}],"wp:attachment":[{"href":"https:\/\/nmsstpoelten-viehofen.ac.at\/index.php?rest_route=%2Fwp%2Fv2%2Fmedia&parent=73"}],"curies":[{"name":"wp","href":"https:\/\/api.w.org\/{rel}","templated":true}]}}